e of z**4/4 + 2*z**3 + 5*z**2/2 + 7*z - 2. What is r(i)?
7
Let c(z) = z**2 + 13*z + 3. Let a(x) = -12*x**3 - 2*x**2 + 1. Let v be a(1). Let r be c(v). Let p(f) = -2*f**2 + 2*f + 2. Determine p(r).
-10
Let x(z) = -2*z**3 + 7*z**2 - 5*z + 2. Suppose 0 = 3*n - 2*d - 7, 4*n = 4*d - 11 + 19. Determine x(n).
-4
Let t = 29 + -22. Let v be (8/(-10))/(t/35). Let x(s) = -3*s - 4. Give x(v).
8
Let u be 23*5/(-10) + (-2)/(-4). Let g(x) = -x**3 - 12*x**2 - 10*x + 12. Let a be g(u). Let r(j) = 2*j**3 + 2*j - 1. Calculate r(a).
3
Let o(k) = 8041 - 8053 + 2*k + 4*k. Give o(2).
0
Let w be 4 - (-1)/((-2)/(-8)). Let l(u) = w + 6 - 13 - u**2 - u. Let z = -1 - -1. Determine l(z).
1
Let t(f) = f + 2. Let q(u) = 6*u + 11. Let k(z) = -6*q(z) + 34*t(z). Let h = -92 - -94. Determine k(h).
-2
Let w(t) = 1 - t**3 - 6*t**2 + 0*t**3 + t**2. Suppose -14*l - 25*l - 120 = -9*l. Give w(l).
-15
Let s(u) = u**2 + u. Let r(a) = a**3 - 14*a**2 - 14*a - 3. Let t(i) = r(i) + 5*s(i). Give t(10).
7
Suppose -d + 4 = 5*f, 4*d - 3 = -7. Let x(g) be the first derivative of -7*g**2/2 + g + 1. What is x(f)?
-6
Let s(d) = -2*d**2 + 8*d - 2. Let w(v) = 2*v**2 - 9*v + 3. Let l(i) = 6*s(i) + 5*w(i). Give l(-3).
-24
Let u(s) = -8*s - 47. Let r be (-1 + (0 + -1 - 3))*1. What is u(r)?
-7
Let f(h) = 17 + 7*h - 7 + 10*h - 8. Determine f(2).
36
Let g(k) = -15*k + 1. Let q(i) = 76*i - 6. Let b(v) = -15*g(v) - 3*q(v). Let p(d) = d**2 + 3*d - 2. Let h be p(-4). Give b(h).
-3
Let j(d) be the first derivative of d**3/3 + 7*d**2/2 - 6*d - 5. Suppose -59 = 4*i + 5. Let h = -22 - i. Calculate j(h).
-12
Suppose 6*p = -p + 28. Let i(d) = -2 - 1 - 2 + d + p. Calculate i(3).
2
Let p(w) = -w + 1. Suppose -h - 18 = -4*h. Let k be (h/4)/(18/24). Suppose 10*q - 11*q + k = 0. Determine p(q).
-1
Suppose 2*y - 3 = c + y, -c - 8 = -2*y. Let a(k) = -2*k - k + 23 - 20 - k**c + 6*k. Let l = 8 + -5. What is a(l)?
3
Suppose -373*s = -378*s - 50. Let u(f) = f**2 + 11*f - 16. Give u(s).
-26
Let a(n) = 30 + 42 - 12*n - 57 + n**2. What is a(9)?
-12
Let h(k) = 7*k + 6. Suppose -19*d = -0*d + 95. Give h(d).
-29
Let d = -704 + 706. Let z(s) = 5*s**2 + 3*s - 1. Calculate z(d).
25
Let f = 35 + -34. Suppose 2*l - l = -f, -4*y - 12 = 4*l. Let q(u) = u**3 - u**2 - 4*u - 3. Give q(y).
-7
Let p(r) = 18*r - 4. Let m be -21*11/22*(-6)/21. Determine p(m).
50
Let d(x) = -4*x - 5. Let o(y) = 4*y - 12. Let c be o(2). Give d(c).
11
Let i(w) = -2*w - 14. Let d be -6 - ((-9)/(-5))/((-30)/100). Give i(d).
-14
Let l = 49 + -57. Let v = 15 + l. Let f(b) = b - 7. Determine f(v).
0
Let l(x) = -x**2 - 10*x + 18. Let g be l(-11). Let h(f) = f**3 - 2*f**2 + 5 + g*f**2 + 0 - 5*f. Determine h(-6).
-1
Let n(z) = z**2 + 30*z + 30. Let d be n(-29). Let v(i) = -42*i**2 + 2*i - 1. Give v(d).
-41
Let q = 18 + -19. Let g be (102/(-85))/(q/(-5)). Let f(i) = -i**3 - 6*i**2 - i - 1. Calculate f(g).
5
Let b(u) be the second derivative of u**4/12 - 2*u**3 + 5*u**2 - 3*u. Let x(t) = 1 - 6*t + 9 + t**2 + 2*t - 7*t. Let l(a) = -3*b(a) + 4*x(a). What is l(7)?
3
Suppose 3*y + 0*y + 3*z - 12 = 0, -z + 8 = 3*y. Let m(h) = 5 - y - 7*h**2 + 1 + h**3 + 3*h. Let n be 4/46 - 10064/(-1702). Determine m(n).
-14
Let m(a) = a**2 + 6*a + 1. Let p be (-7)/(-70) + (-218)/(-20). Suppose -t - 3*d = -2, -5*t - 3*d = p + 15. Calculate m(t).
8
Let t(f) = 82*f + 3693. Let p be t(-45). Let m(o) = 2*o + 4 + 2*o - 2*o. Give m(p).
10
Let q(p) = p**3 - 2*p**2 - 3*p + 2. Suppose -5*s = 2*t + 10, -4*t - t = -2*s + 25. Let w be -3*(-1)/2*-2. Let a = w - t. Calculate q(a).
-4
Let o(c) = -3*c**2 - c**3 + 5*c + 18*c**2 + 3 - 8*c**2 - 3*c**2. Determine o(5).
3
Let h(m) = -m**3 + 16*m**2 + 14*m + 53. Let n be h(17). Let v(g) = g**3 - 3*g + 1. Determine v(n).
3
Let b(h) = 2*h**2. Let i(s) = 5*s**2. Let w(n) = 8*b(n) - 3*i(n). Let u be w(1). Let x(a) = 2*a**2 + 1. Give x(u).
3
Let x(l) = l + 2. Suppose -k - 12 = 2*i, -3*k + 3*i = -5*k - 21. Let c be (-2)/(-7) + k/21. Suppose o = 2, 3*d + 3*o + c = -12. Determine x(d).
-4
Let t(r) = -3*r**2 + 2*r + 1. Let p be t(2). Let q(y) be the second derivative of -y**4/12 - 11*y**3/6 - 5*y**2/2 - 7*y - 84. Give q(p).
23
Suppose 4*v = v. Suppose v*s = -7*s - 2*s. Let j(r) = 13 + r + r**3 - 2*r**3 + 2*r**3 + r**2. Give j(s).
13
Let m(b) = -17*b**2 + 30*b + 18. Let a(p) = 5*p**2 - 10*p - 6. Let d(l) = 7*a(l) + 2*m(l). Determine d(8).
-22
Let o(g) = 13 - 293*g - 7 - 7 + 294*g. What is o(12)?
11
Let z(k) = -k**2 - 6*k - 3. Let c(h) = -55*h - 112. Let d be c(-2). Give z(d).
5
Let j(u) = -2*u**2. Let a be -5*((-8)/4 + 1). Suppose 2*i + 49 = -a*i. Let l(p) = -2*p**2 - 13*p + 6. Let x be l(i). What is j(x)?
-2
Let f(k) = -k - 1. Let b(y) = y**2 - 8*y. Let h(p) = 2*b(p) - 6*f(p). Let x = -45 - -51. What is h(x)?
18
Suppose 2*m - 4*z = -3 - 1, 0 = -m + z + 1. Let p(q) = -4*q + m + 7*q**2 + 4 - 7*q**2 - q**2. Suppose 0*n = -5*n - 30. What is p(n)?
-4
Let q(r) = -23 - r - 37 + 49. Determine q(-6).
-5
Let s be -34*((-21)/(-7))/6. Let l(o) = -o**2 - 14*o + 45. Determine l(s).
-6
Let y(f) be the second derivative of -f**5/20 - f**4/4 + f**2/2 + 20*f. Let j(r) = -2*r - 4*r + 9 + 5*r. Let a be j(12). Give y(a).
1
Let j(f) be the first derivative of -3*f**2/2 - 5*f - 165. What is j(-9)?
22
Let t(h) = -h**2 + 4*h + 11. Suppose -c = -3*m + 18 - 0, 3*c - 18 = -3*m. Calculate t(m).
-1
Let j(n) = -n**3 - 3*n**2 - 4*n - 2. Let d be j(-2). Let r(p) = 33*p**3 - 35*p**3 - 16*p**3 + 1 + 2*p**d - 2*p. What is r(1)?
-17
Let t(k) = -57 + k**3 - 54 + 174 - 2*k - 5*k**2 - 57. Calculate t(5).
-4
Let w(a) be the third derivative of a**5/60 - a**4/8 - 131*a**2 - 2. Calculate w(7).
28
Suppose 4*i = 3*z + i - 9, 4*z - 3*i - 11 = 0. Let a(p) = 9*p - 14. Give a(z).
4
Let s(k) be the first derivative of -k**4/4 - 4*k**3/3 + 3*k**2/2 - 7*k + 1. Let c(o) = -o**2 - 11*o - 7. Let f be c(-4). Let m = -26 + f. Give s(m).
3
Let m(o) = -o - 11. Suppose -6*g + 92 = 140. What is m(g)?
-3
Suppose 0 = -t + 5, -4*h - 3 = 7*t - 6*t. Let b(l) = l**3 + l**2 - 2*l - 1. Determine b(h).
-1
Let a(j) = -12 - 727*j + 711*j + 11. Determine a(-1).
15
Suppose -312*a = -311*a - 6. Let j(y) be the first derivative of -y**4/4 + 5*y**3/3 + 4*y**2 - 9*y + 1. What is j(a)?
3
Let l(c) = -13*c**2 + 56*c**3 + 23*c**2 - 5*c - 36 - 15 - 55*c**3. Calculate l(-10).
-1
Let x = 19 - 17. Suppose x*k - 28 = 16. Suppose 26*g = k*g. Let l(b) = -b - 5. Give l(g).
-5
Suppose -2*p = -4*y + 22, 0*y + 2*y - 1 = -p. Let d(m) = -4*m + 10*m**2 + 128 - 118 + m**y + 5*m. Let g be d(-10). Let r(x) = -x**2 - x - 1. What is r(g)?
-1
Let x(f) = f + 1. Let d(m) = 4*m - 22. Let r be d(0). Let c(q) = q - 6. Let v be c(0). Let k be v/33 - (-84)/r. What is x(k)?
-3
Let l(h) = -28 + 17 + h**2 + 3*h + 10. Determine l(-3).
-1
Let n(j) = 95 + 2*j**3 - 2*j**3 - 9*j**2 - 122 - j**3 - 11*j. What is n(-8)?
-3
Let k = 27 - 24. Let a(z) = 5 + 23*z - 9 - 5*z + k. Give a(1).
17
Suppose -3 = 2*i - 3*h, 4*i + 3*h - 7 = 14. Suppose g = i*g - 4. Let x(u) = 2*u - 3. Give x(g).
1
Let b(j) = j**2 - 4*j + 10. Let c(h) = -5*h**2 + 15*h - 41. Let f(t) = -9*b(t) - 2*c(t). Let w be (-3)/4 + 1872/(-64). Let d = w - -24. Give f(d).
-8
Let k(d) = d - 4. Let f be k(6). Let i(v) = 3 + 5 + f - v + 3. Calculate i(9).
4
Let d(m) be the third derivative of -m**5/60 + m**4/24 - m**3/3 + 142*m**2. What is d(0)?
-2
Let j(w) be the third derivative of w**2 + 0*w - 7/6*w**3 + 0 + 1/24*w**4. Let k = -208 - -211. Determine j(k).
-4
Let a(z) = -11 + 0*z + 7262*z**3 - 7263*z**3 + 7*z**2 + 4*z. What is a(8)?
-43
Let p(t) = -t**2 - 8*t - 2. Let k = 1151 - 1155. What is p(k)?
14
Let t(d) = d**2 + d - 1. Let q be t(2). Suppose -q*c - 9 = -4. Let m(f) = -10*f + 1. Give m(c).
11
Let s = 43 - 52. Let k(m) = m**2 + 8*m - 2. What is k(s)?
7
Let u(r) = -r**3 + 3*r**2 + 8*r - 3. Let i(y) = 1. Let h(q) = -2*i(q) + u(q). Determine h(5).
-15
Let t(v) = -v + 11. Let z(i) = -i**3 + 5*i**2 + 3*i - 16. Let w be z(5). Let j(y) = 14*y**2 - y - 3. Let k be j(w). Give t(k).
-1
Let i(q) = 32883 - 4*q**3 + 5*q**2 + 32888 - 65775 + 3*q**3 - 2*q. Suppose -5*w + 10 = -10. Calculate i(w).
4
Suppose 0 = 2*j + j - 33. Let z(x) = -x**2 + 25 + 3*x - 32 - j*x. Give z(-7).
0
Let f(m) = -m**3 + 9*m**2 - 9*m - 6. Let a(p) = p**2 + 16*p + 23. Let n be a(-15). What is f(n)?
-14
Let g(r) be the second derivative of r**5/20 - r**4/3 - r**3/3 - 2*r*